{"id":560,"date":"2022-09-27T21:50:09","date_gmt":"2022-09-27T21:50:09","guid":{"rendered":"https:\/\/www.asesoriatauro.es\/?page_id=560"},"modified":"2022-09-27T21:51:12","modified_gmt":"2022-09-27T21:51:12","slug":"politica-de-privacidad","status":"publish","type":"page","link":"https:\/\/www.asesoriatauro.es\/index.php\/politica-de-privacidad\/","title":{"rendered":"Pol\u00edtica de privacidad"},"content":{"rendered":"\t\t<div data-elementor-type=\"wp-page\" data-elementor-id=\"560\" class=\"elementor elementor-560\">\n\t\t\t\t\t\t<div class=\"elementor-inner\">\n\t\t\t\t<div class=\"elementor-section-wrap\">\n\t\t\t\t\t\t\t\t\t<section class=\"elementor-section elementor-top-section elementor-element elementor-element-9d03d7d elementor-section-boxed elementor-section-height-default elementor-section-height-default\" data-id=\"9d03d7d\" data-element_type=\"section\">\n\t\t\t\t\t\t<div class=\"elementor-container elementor-column-gap-default\">\n\t\t\t\t\t\t\t<div class=\"elementor-row\">\n\t\t\t\t\t<div class=\"elementor-column elementor-col-100 elementor-top-column elementor-element elementor-element-70c08a2d\" data-id=\"70c08a2d\" data-element_type=\"column\">\n\t\t\t<div class=\"elementor-column-wrap elementor-element-populated\">\n\t\t\t\t\t\t\t<div class=\"elementor-widget-wrap\">\n\t\t\t\t\t\t<div class=\"elementor-element elementor-element-1e782bed elementor-widget elementor-widget-text-editor\" data-id=\"1e782bed\" data-element_type=\"widget\" data-widget_type=\"text-editor.default\">\n\t\t\t\t<div class=\"elementor-widget-container\">\n\t\t\t\t\t\t\t\t<div class=\"elementor-text-editor elementor-clearfix\">\n\t\t\t\t<p>ASESORIA TAURO es la responsable del tratamiento y de conformidad con lo establecido en el Reglamento (UE) 2016\/679 del Parlamento Europeo y del Consejo de 27 de abril de 2016 y la Ley Org\u00e1nica 3\/2018 de Protecci\u00f3n de Datos y Garant\u00eda de los Derechos Digitales, garantiza la seguridad y confidencialidad de los datos facilitados por sus clientes.<br \/><br \/>ASESORIA TAURO informa que los datos personales facilitados a trav\u00e9s de los formularios de esta Web o mediante mensajes de correo electr\u00f3nico, ser\u00e1n incorporados en unos tratamientos de ASESORIA TAURO y ser\u00e1n tratados de manera informatizada y en papel.<\/p>\n<p>Mediante el env\u00edo de los formularios existentes en esta Web el remitente da su consentimiento para ser incluido en el mencionado tratamiento con el objeto de suministrarle la informaci\u00f3n solicitada en los formularios o suscripciones.<\/p>\n<p>En el caso de que el usuario decida cumplimentar alg\u00fan formulario de este sitio Web d\u00f3nde se recaben datos de car\u00e1cter personal se le informa que ASESORIA TAURO adoptar\u00e1 las medidas de \u00edndole t\u00e9cnica y organizativa necesarias que garanticen la seguridad de los datos suministrados a fin de evitar alteraciones, p\u00e9rdidas, tratamientos o accesos no autorizados, conforme al estado actual de la tecnolog\u00eda y de acuerdo con lo establecido por la normativa vigente.<\/p>\n<p>ASESORIA TAURO sin embargo no puede garantizar la absoluta inexpugnabilidad del sistema, la red de acceso, Internet y por tanto la violaci\u00f3n de los datos mediante accesos fraudulentos a ellos por parte de terceros.<\/p>\n<p>El usuario responder\u00e1 en cualquier caso de la veracidad de la informaci\u00f3n suministrada y se hace responsable de comunicar a ASESORIA TAURO cualquier modificaci\u00f3n sobre la misma, quedando ASESORIA TAURO exenta de cualquier responsabilidad en este sentido.<\/p>\n<p>La finalidad del tratamiento es servir como soporte de informaci\u00f3n a la gesti\u00f3n de las comunicaciones y relaciones comerciales por v\u00eda electr\u00f3nica. En cuanto a la legitimaci\u00f3n del tratamiento estar\u00e1 regulada por el consentimiento del afectado y por el inter\u00e9s leg\u00edtimo del responsable. Los datos proporcionados se conservar\u00e1n hasta para dar soporte a su solicitud, la revocaci\u00f3n del consentimiento o durante los a\u00f1os necesarios para cumplir con las obligaciones legales.<\/p>\n<p>En el caso de que no nos facilite sus datos personales no podremos gestionar su solicitud.<\/p>\n<p>La empresa podr\u00e1 ceder los datos a terceros como administraci\u00f3n tributaria, bancos, cajas de ahorro y cajas rurales y organizaciones o personas directamente relacionadas con el responsable.<\/p>\n<p>Si lo desea puede dirigirse a Domingo Moya Clemente domiciliada en el Paseo de la Cuba n\u00ba 30 bajo \u2013 02005 \u2013 Albacete con una copia de DNI o documento acreditativo equivalente con el fin de ejercer los siguientes derechos:<\/p>\n<p><br \/>Derecho de acceso: derecho a obtener confirmaci\u00f3n sobre si ASESORIA TAURO est\u00e1 tratando datos personales que le conciernen y, en tal caso, acceder a los mismos.<br \/>Derecho de portabilidad: derecho a recibir los datos personales que nos haya facilitado en un formato estructurado de uso com\u00fan y legible, as\u00ed como a transmitirlo a otra entidad.<br \/>Derecho de rectificaci\u00f3n: derecho a solicitar la rectificaci\u00f3n de los datos cuando sean inexactos.<br \/>Derecho de supresi\u00f3n: derecho a solicitar la supresi\u00f3n de los datos cuando ya no sean necesarios para los fines que fueron facilitados en su momento.<br \/>Derecho de oposici\u00f3n: derecho a oponerte al tratamiento de tus datos personales. ASESORIA TAURO dejar\u00e1 de tratar los datos, salvo por motivos leg\u00edtimos o en el ejercicio de posibles reclamaciones.<br \/>Derecho a la limitaci\u00f3n del tratamiento: derecho a solicitar la limitaci\u00f3n del tratamiento de sus datos.<\/p>\n<p><br \/>Por otro lado, si lo ha facilitado, tendr\u00e1 derecho a retirar el consentimiento prestado en cualquier momento y el derecho a reclamar ante la Agencia Espa\u00f1ola de Protecci\u00f3n de Datos.<\/p>\n<p>Las categor\u00edas de datos que se tratan son datos identificativos, caracter\u00edsticas personales, informaci\u00f3n comercial, datos econ\u00f3micos, transacciones de bienes y servicios y no se tratan datos especialmente protegidos. El origen de los datos es por el propio interesado o su representante legal, los clientes\/usuarios y proveedores ser\u00e1n los colectivos interesados a tal fin.<\/p>\t\t\t\t\t<\/div>\n\t\t\t\t\t\t<\/div>\n\t\t\t\t<\/div>\n\t\t\t\t\t\t<\/div>\n\t\t\t\t\t<\/div>\n\t\t<\/div>\n\t\t\t\t\t\t\t\t<\/div>\n\t\t\t\t\t<\/div>\n\t\t<\/section>\n\t\t\t\t\t\t\t\t\t<\/div>\n\t\t\t<\/div>\n\t\t\t\t\t<\/div>\n\t\t","protected":false},"excerpt":{"rendered":"<p>ASESORIA TAURO es la responsable del tratamiento y de conformidad con lo establecido en el Reglamento (UE) 2016\/679 del Parlamento Europeo y del Consejo de 27 de abril de 2016 y la Ley Org\u00e1nica 3\/2018 de Protecci\u00f3n de Datos y Garant\u00eda de los Derechos Digitales, garantiza la seguridad y confidencialidad de los datos facilitados por [&hellip;]<\/p>\n","protected":false},"author":1,"featured_media":0,"parent":0,"menu_order":0,"comment_status":"closed","ping_status":"open","template":"","meta":[],"_links":{"self":[{"href":"https:\/\/www.asesoriatauro.es\/index.php\/wp-json\/wp\/v2\/pages\/560"}],"collection":[{"href":"https:\/\/www.asesoriatauro.es\/index.php\/wp-json\/wp\/v2\/pages"}],"about":[{"href":"https:\/\/www.asesoriatauro.es\/index.php\/wp-json\/wp\/v2\/types\/page"}],"author":[{"embeddable":true,"href":"https:\/\/www.asesoriatauro.es\/index.php\/wp-json\/wp\/v2\/users\/1"}],"replies":[{"embeddable":true,"href":"https:\/\/www.asesoriatauro.es\/index.php\/wp-json\/wp\/v2\/comments?post=560"}],"version-history":[{"count":3,"href":"https:\/\/www.asesoriatauro.es\/index.php\/wp-json\/wp\/v2\/pages\/560\/revisions"}],"predecessor-version":[{"id":563,"href":"https:\/\/www.asesoriatauro.es\/index.php\/wp-json\/wp\/v2\/pages\/560\/revisions\/563"}],"wp:attachment":[{"href":"https:\/\/www.asesoriatauro.es\/index.php\/wp-json\/wp\/v2\/media?parent=560"}],"curies":[{"name":"wp","href":"https:\/\/api.w.org\/{rel}","templated":true}]}}